{"id":50,"date":"2024-02-16T22:30:29","date_gmt":"2024-02-16T21:30:29","guid":{"rendered":"https:\/\/flowpilatesimoviment.es\/?page_id=50"},"modified":"2026-04-10T08:45:01","modified_gmt":"2026-04-10T06:45:01","slug":"disciplinas-y-horarios","status":"publish","type":"page","link":"https:\/\/flowpilatesimoviment.es\/index.php\/disciplinas-y-horarios\/","title":{"rendered":"H y T"},"content":{"rendered":"\n<div class=\"wp-block-cover\" style=\"min-height:100px\"><span aria-hidden=\"true\" class=\"wp-block-cover__background has-background-dim\"><\/span><img loading=\"lazy\" decoding=\"async\" width=\"1024\" height=\"519\" class=\"wp-block-cover__image-background wp-image-67\" alt=\"\" src=\"http:\/\/flowpilatesimoviment.es\/wp-content\/uploads\/2024\/02\/DSC00926-scaled-e1718139565455-1024x519.jpg\" data-object-fit=\"cover\" srcset=\"https:\/\/flowpilatesimoviment.es\/wp-content\/uploads\/2024\/02\/DSC00926-scaled-e1718139565455-1024x519.jpg 1024w, https:\/\/flowpilatesimoviment.es\/wp-content\/uploads\/2024\/02\/DSC00926-scaled-e1718139565455-300x152.jpg 300w, https:\/\/flowpilatesimoviment.es\/wp-content\/uploads\/2024\/02\/DSC00926-scaled-e1718139565455-768x389.jpg 768w, https:\/\/flowpilatesimoviment.es\/wp-content\/uploads\/2024\/02\/DSC00926-scaled-e1718139565455-1536x778.jpg 1536w, https:\/\/flowpilatesimoviment.es\/wp-content\/uploads\/2024\/02\/DSC00926-scaled-e1718139565455-2048x1038.jpg 2048w\" sizes=\"(max-width: 1024px) 100vw, 1024px\" \/><div class=\"wp-block-cover__inner-container is-layout-flow wp-block-cover-is-layout-flow\">\n<p class=\"has-text-align-center has-large-font-size\"><strong>HORARIOS<\/strong><\/p>\n<\/div><\/div>\n\n\n\n<div class=\"wp-block-columns is-layout-flex wp-container-core-columns-layout-1 wp-block-columns-is-layout-flex\">\n<div class=\"wp-block-column is-layout-flow wp-block-column-is-layout-flow\">\n<p class=\"has-text-align-center has-base-2-color has-accent-4-background-color has-text-color has-background has-link-color has-medium-font-size wp-elements-4188f6511142584a9a5e61eb9862bb83\" style=\"padding-top:0;padding-right:var(--wp--preset--spacing--10);padding-bottom:0;padding-left:var(--wp--preset--spacing--10)\"><strong>CLASES GRUPOS <\/strong>DE MA\u00d1ANA<\/p>\n\n\n\n<p class=\"has-text-align-center has-contrast-color has-text-color has-link-color wp-elements-408063657e36674bf3841c2ab8809bd8\"><sub>De Lunes a Viernes  10h <\/sub><\/p>\n\n\n\n<p class=\"has-text-align-center\"><sub>Viernes  9h<\/sub><\/p>\n\n\n\n<p class=\"has-text-align-center\"><\/p>\n\n\n\n<p><\/p>\n<\/div>\n\n\n\n<div class=\"wp-block-column is-layout-flow wp-block-column-is-layout-flow\">\n<p class=\"has-text-align-center has-base-2-color has-accent-5-background-color has-text-color has-background has-link-color has-medium-font-size wp-elements-140923947e23e46c45f0c2481460be8b\" style=\"padding-top:0;padding-right:var(--wp--preset--spacing--10);padding-bottom:0;padding-left:var(--wp--preset--spacing--10)\"><strong>CLASES GRUPOS <\/strong>DE<strong> <\/strong>TARDE<\/p>\n\n\n\n<p class=\"has-text-align-center has-contrast-color has-text-color has-link-color wp-elements-651876456edfef80aa8424910c2e3a4a\"><sub>Lunes, Martes, Mi\u00e9rcoles y Jueves <\/sub><\/p>\n\n\n\n<p class=\"has-text-align-center\"><sub>18h \/ 19h \/ 20h<\/sub><\/p>\n\n\n\n<p><\/p>\n\n\n\n<p><\/p>\n\n\n\n<p><\/p>\n<\/div>\n<\/div>\n\n\n\n<div class=\"wp-block-columns is-layout-flex wp-container-core-columns-layout-2 wp-block-columns-is-layout-flex\">\n<div class=\"wp-block-column is-layout-flow wp-block-column-is-layout-flow\">\n<p class=\"has-text-align-center has-base-2-color has-accent-2-background-color has-text-color has-background has-link-color has-medium-font-size wp-elements-fae9b42903fb8f5f6eb7833ee7fa1c2e\" style=\"padding-top:0;padding-right:var(--wp--preset--spacing--10);padding-bottom:0;padding-left:var(--wp--preset--spacing--10)\"><strong>CLASES <\/strong>PILATES PRENATAL<\/p>\n\n\n\n<p class=\"has-text-align-center has-contrast-color has-text-color has-link-color wp-elements-d369c26099c3a5ec1cdd2bb0b70a0aa4\"><sub>Lunes  19h  y  Mi\u00e9rcoles  10h <\/sub> <\/p>\n\n\n\n<p class=\"has-text-align-center has-contrast-color has-text-color has-link-color wp-elements-6a23a8c9669f6a02fa4d3dcafd6f4567\"><sub>Podemos ver otros horarios seg\u00fan necesites&#8230; \u00a1CONS\u00daLTANOS!<\/sub><\/p>\n\n\n\n<p><\/p>\n\n\n\n<p><\/p>\n<\/div>\n\n\n\n<div class=\"wp-block-column is-layout-flow wp-block-column-is-layout-flow\">\n<p class=\"has-text-align-center has-base-2-color has-accent-background-color has-text-color has-background has-link-color has-medium-font-size wp-elements-20891fe8ab55837d5748596738416403\" style=\"padding-top:0;padding-right:var(--wp--preset--spacing--10);padding-bottom:0;padding-left:var(--wp--preset--spacing--10)\"><strong>CLASES <\/strong>SUP-PILATES<\/p>\n\n\n\n<p class=\"has-text-align-center has-contrast-color has-text-color has-link-color wp-elements-0d9a484d65fae2cec39b5f251c222b56\"><sub>S\u00e1bado y\/o Domingo  9h<\/sub><\/p>\n\n\n\n<p class=\"has-text-align-center\"><sub>Puede variar en funci\u00f3n de las condiciones climatol\u00f3gicas y la \u00e9poca del a\u00f1o.<\/sub><\/p>\n\n\n\n<p><\/p>\n\n\n\n<p><\/p>\n<\/div>\n<\/div>\n\n\n\n<div class=\"wp-block-columns is-layout-flex wp-container-core-columns-layout-3 wp-block-columns-is-layout-flex\">\n<div class=\"wp-block-column is-layout-flow wp-block-column-is-layout-flow\">\n<p class=\"has-text-align-center has-base-2-color has-contrast-2-background-color has-text-color has-background has-link-color has-medium-font-size wp-elements-37d6aa862e782f873ea65f65e9da7029\" style=\"padding-top:0;padding-right:var(--wp--preset--spacing--10);padding-bottom:0;padding-left:var(--wp--preset--spacing--10)\"><strong>TALLERES DE <\/strong>HIPOPRESIVOS<\/p>\n\n\n\n<p class=\"has-text-align-center has-contrast-color has-text-color has-link-color wp-elements-1d7e099da5b08c432ae0364af17aa6fb\"><sub>1 Viernes al mes  18h<\/sub> <\/p>\n\n\n\n<p class=\"has-text-align-center\"><\/p>\n\n\n\n<p class=\"has-text-align-center has-contrast-color has-text-color has-link-color wp-elements-d668873d58e7c8b67a3141a3cbe17b9c\"><\/p>\n\n\n\n<p><\/p>\n\n\n\n<p><\/p>\n<\/div>\n\n\n\n<div class=\"wp-block-column is-layout-flow wp-block-column-is-layout-flow\">\n<p class=\"has-text-align-center has-base-2-color has-accent-4-background-color has-text-color has-background has-link-color has-medium-font-size wp-elements-f533521f742edcc241e7ca16c43504d0\" style=\"padding-top:0;padding-right:var(--wp--preset--spacing--10);padding-bottom:0;padding-left:var(--wp--preset--spacing--10)\"><strong>CLASES <\/strong>PILATES PLAYA<\/p>\n\n\n\n<p class=\"has-text-align-center has-contrast-color has-text-color has-link-color wp-elements-a127e309f1322e9cac6e16a418f5ec31\"><sub>Domingo  10,30h<\/sub><\/p>\n\n\n\n<p class=\"has-text-align-center\"><\/p>\n\n\n\n<p><\/p>\n\n\n\n<p><\/p>\n<\/div>\n<\/div>\n\n\n\n<div class=\"wp-block-cover\" style=\"min-height:100px\"><span aria-hidden=\"true\" class=\"wp-block-cover__background has-background-dim\"><\/span><img loading=\"lazy\" decoding=\"async\" width=\"1024\" height=\"519\" class=\"wp-block-cover__image-background wp-image-60\" alt=\"\" src=\"http:\/\/flowpilatesimoviment.es\/wp-content\/uploads\/2024\/02\/DSC00730-scaled-e1718136983913-1024x519.jpg\" data-object-fit=\"cover\" srcset=\"https:\/\/flowpilatesimoviment.es\/wp-content\/uploads\/2024\/02\/DSC00730-scaled-e1718136983913-1024x519.jpg 1024w, https:\/\/flowpilatesimoviment.es\/wp-content\/uploads\/2024\/02\/DSC00730-scaled-e1718136983913-300x152.jpg 300w, https:\/\/flowpilatesimoviment.es\/wp-content\/uploads\/2024\/02\/DSC00730-scaled-e1718136983913-768x389.jpg 768w, https:\/\/flowpilatesimoviment.es\/wp-content\/uploads\/2024\/02\/DSC00730-scaled-e1718136983913-1536x778.jpg 1536w, https:\/\/flowpilatesimoviment.es\/wp-content\/uploads\/2024\/02\/DSC00730-scaled-e1718136983913-2048x1038.jpg 2048w\" sizes=\"(max-width: 1024px) 100vw, 1024px\" \/><div class=\"wp-block-cover__inner-container is-layout-flow wp-block-cover-is-layout-flow\">\n<p class=\"has-text-align-center has-large-font-size\"><strong>TARIFAS<\/strong><\/p>\n<\/div><\/div>\n\n\n\n<div class=\"wp-block-columns is-layout-flex wp-container-core-columns-layout-4 wp-block-columns-is-layout-flex\">\n<div class=\"wp-block-column is-layout-flow wp-block-column-is-layout-flow\">\n<p class=\"has-text-align-center has-base-2-color has-accent-4-background-color has-text-color has-background has-link-color has-medium-font-size wp-elements-365b909a9bb678f8abb4c913e41abded\" style=\"padding-top:0;padding-right:var(--wp--preset--spacing--10);padding-bottom:0;padding-left:var(--wp--preset--spacing--10)\"><strong>ABONOS <\/strong>PILATES M\u00c1QUINAS<\/p>\n\n\n\n<p class=\"has-text-align-center has-contrast-color has-text-color has-link-color wp-elements-051cd22b666641d83f68e97e759be00d\"><sub><strong>TARIFA MENSUAL<\/strong> para <strong>clases en grupo <\/strong>asignando d\u00eda y hora de preferencia. <\/sub><\/p>\n\n\n\n<p class=\"has-text-align-center has-contrast-color has-text-color has-link-color wp-elements-69a6d1f7da71e3fb34f6e6a54082cfc7\"><strong><sub>Tarifa 4 clases\/mes:  90\u20ac<\/sub><\/strong><\/p>\n\n\n\n<p class=\"has-text-align-center has-contrast-color has-text-color has-link-color wp-elements-34c0f34811f6db2bc16dc7cf19e88871\"><strong><sub>Tarifa 8 clases\/mes:  165\u20ac<\/sub><\/strong><\/p>\n\n\n\n<p class=\"has-text-align-center has-contrast-color has-text-color has-link-color wp-elements-6b586afb87594c5204993f25e1aaa56c\"><sub>Tiene Permanencia M\u00ednima de <strong>3 meses <\/strong>y  <strong>Matr\u00edcula <\/strong>de<strong> 75\u20ac<\/strong>. Si abonas el trimestre completo al inscribirte, la Matr\u00edcula es de<strong> 0\u20ac.<\/strong><\/sub><\/p>\n\n\n\n<p><\/p>\n\n\n\n<p><\/p>\n<\/div>\n\n\n\n<div class=\"wp-block-column is-layout-flow wp-block-column-is-layout-flow\">\n<p class=\"has-text-align-center has-base-2-color has-accent-5-background-color has-text-color has-background has-link-color has-medium-font-size wp-elements-d8358cd0579877ec62e6cd5d95007381\" style=\"padding-top:0;padding-right:var(--wp--preset--spacing--10);padding-bottom:0;padding-left:var(--wp--preset--spacing--10)\"><strong>BONOS <\/strong>PILATES M\u00c1QUINAS<\/p>\n\n\n\n<p class=\"has-text-align-center has-contrast-color has-text-color has-link-color wp-elements-90b2e44bff897ab05d31d23cb9fe3a0e\"><sub><strong>BONOS<\/strong> para un <strong>cierto n\u00famero <\/strong>de clases en grupo a realizar en un <strong>periodo de tiempo<\/strong>.<\/sub><\/p>\n\n\n\n<p class=\"has-text-align-center has-contrast-color has-text-color has-link-color wp-elements-0d22d58c24e7e4aeab2deb2dbe0a9af3\"><strong><sub>CLASE SUELTA:  35\u20ac<\/sub><\/strong><\/p>\n\n\n\n<p class=\"has-text-align-center has-contrast-color has-text-color has-link-color wp-elements-27d970959fb7a775014d81e87aedb2d1\"><strong><sub>BONO 3 Clases <\/sub><\/strong><sub><strong>(6 semanas):<\/strong><\/sub><strong><sub>  90\u20ac<\/sub><\/strong><\/p>\n\n\n\n<p class=\"has-text-align-center has-contrast-color has-text-color has-link-color wp-elements-97f4b5eaff5bcf61ae02fa72bf31b2c3\"><strong><sub>BONO 10 Clases<\/sub><\/strong><sub><strong> (3 meses):<\/strong><\/sub><strong><sub>  270\u20ac<\/sub><\/strong><\/p>\n\n\n\n<p><\/p>\n\n\n\n<p><\/p>\n\n\n\n<p><\/p>\n<\/div>\n<\/div>\n\n\n\n<p><\/p>\n\n\n\n<div class=\"wp-block-columns is-layout-flex wp-container-core-columns-layout-6 wp-block-columns-is-layout-flex\">\n<div class=\"wp-block-column is-layout-flow wp-block-column-is-layout-flow\">\n<div class=\"wp-block-columns is-layout-flex wp-container-core-columns-layout-5 wp-block-columns-is-layout-flex\">\n<div class=\"wp-block-column is-layout-flow wp-block-column-is-layout-flow\">\n<p class=\"has-text-align-center has-base-2-color has-accent-2-background-color has-text-color has-background has-link-color has-medium-font-size wp-elements-c2f240d4d82b5a94c1353c6d549303eb\" style=\"padding-top:0;padding-right:var(--wp--preset--spacing--10);padding-bottom:0;padding-left:var(--wp--preset--spacing--10)\"><strong>CLASES <\/strong>INDIVIDUALES<\/p>\n\n\n\n<p class=\"has-text-align-center has-contrast-color has-text-color has-link-color wp-elements-f492d60cf6abc39343bdcf7ddca2975f\"><sub><strong>Clases personales<\/strong> para entreno personal, rehabilitaci\u00f3n y\/o correcci\u00f3n postural.<\/sub><\/p>\n\n\n\n<p class=\"has-text-align-center has-contrast-color has-text-color has-link-color wp-elements-32af435e39c234bfb372176b08425029\"><strong><sub>Clase INDIVIDUAL:  65\u20ac<\/sub><\/strong><\/p>\n\n\n\n<p class=\"has-text-align-center has-contrast-color has-text-color has-link-color wp-elements-6f83342d33cfbefe9ec79673f013dfd9\"><strong><sub>BONO 5 Clases <\/sub><\/strong><sub><strong>(2 meses):<\/strong><\/sub><strong><sub>  295\u20ac<\/sub><\/strong><\/p>\n\n\n\n<p class=\"has-text-align-center has-contrast-color has-text-color has-link-color wp-elements-4e140dfacd98334c0844e4464c638cdf\"><strong><sub>BONO 10 Clases <\/sub><\/strong><sub><strong>(3 meses):<\/strong><\/sub><strong><sub>  550\u20ac<\/sub><\/strong><\/p>\n\n\n\n<p class=\"has-text-align-center\"><strong><sub>Clase D\u00daO <\/sub><\/strong><sub><strong>(2 personas):  9<\/strong><\/sub><strong><sub>0\u20ac<\/sub><\/strong><\/p>\n\n\n\n<p><\/p>\n\n\n\n<p><\/p>\n<\/div>\n\n\n\n<div class=\"wp-block-column is-layout-flow wp-block-column-is-layout-flow\">\n<p class=\"has-text-align-center has-base-2-color has-accent-background-color has-text-color has-background has-link-color has-medium-font-size wp-elements-98147c156610f89343531fbfa34b1101\" style=\"padding-top:0;padding-right:var(--wp--preset--spacing--10);padding-bottom:0;padding-left:var(--wp--preset--spacing--10)\"><strong>SUP-PILATES<\/strong> EN GRUPO<\/p>\n\n\n\n<p class=\"has-text-align-center has-contrast-color has-text-color has-link-color wp-elements-b52884631494581a67a448f702fc4a6f\"><sub><strong>Clases en el mar todo el a\u00f1o.<\/strong> Puedes traer tu propio material o alquilar el del Estudio. <\/sub><\/p>\n\n\n\n<p class=\"has-text-align-center has-contrast-color has-text-color has-link-color wp-elements-f91d274e7c31c2e1d94f9e6c9034b0f2\"><strong><sub>CLASE <\/sub><\/strong><sub><strong>SUELTA con alquiler: <\/strong><\/sub><strong><sub> 35\u20ac<\/sub><\/strong><\/p>\n\n\n\n<p class=\"has-text-align-center has-contrast-color has-text-color has-link-color wp-elements-265afb62105755dde257b59cc7d703f1\"><strong><sub>BONO 5 Clases <\/sub><\/strong><sub><strong>con alquiler: <\/strong><\/sub><strong><sub> 150\u20ac<\/sub><\/strong><\/p>\n\n\n\n<p class=\"has-text-align-center has-contrast-color has-text-color has-link-color wp-elements-107c555c9d456c5031f6d062677c5010\"><strong><sub>CLASE <\/sub><\/strong><sub><strong>SUELTA<\/strong> <strong>con tabla propia:<\/strong><\/sub><strong><sub>  25\u20ac<\/sub><\/strong><\/p>\n\n\n\n<p class=\"has-text-align-center has-contrast-color has-text-color has-link-color wp-elements-00f1ad90b5edb8f34c605eac10a89782\"><strong><sub>BONO 5 Clases <\/sub><\/strong><sub><strong>con tabla propia:<\/strong>  <\/sub><strong><sub>100\u20ac<\/sub><\/strong><\/p>\n\n\n\n<p><\/p>\n\n\n\n<p><\/p>\n<\/div>\n<\/div>\n\n\n\n<p><\/p>\n\n\n\n<p class=\"has-text-align-center has-base-2-color has-contrast-2-background-color has-text-color has-background has-link-color wp-elements-0e885d76abd75d66ca2c5a4f5002294c\" style=\"padding-top:0.2rem;padding-right:0;padding-bottom:0.2rem;padding-left:0\"><strong><sub>IMPORTANTE: SOBRE LA TARIFA MENSUAL<\/sub> <\/strong> <\/p>\n\n\n\n<p class=\"has-contrast-color has-text-color has-link-color wp-elements-acfed9e65e0aa3bbf816d124a9eb37c9\" style=\"font-size:clamp(0.875rem, 0.875rem + ((1vw - 0.2rem) * 0.208), 1rem);\"><sub>1- <strong>Se contabiliza a mes natural (v\u00e1lida del 1 al 31 del mes)<\/strong>, independientemente del momento de su abono. <strong>Se cobra de forma \u00edntegra<\/strong> independientemente de si asistes o no a todas las clases. <\/sub><\/p>\n\n\n\n<p class=\"has-contrast-color has-text-color has-link-color wp-elements-35f12ba5a066a9c23054856d2519f447\" style=\"font-size:clamp(0.875rem, 0.875rem + ((1vw - 0.2rem) * 0.208), 1rem);\"><sub>2- <strong>Debes abonarla en la primera semana de cada mes.<\/strong> Podr\u00e1s hacerlo en efectivo, por Bizum o por Transferencia Bancaria. <\/sub><\/p>\n\n\n\n<p class=\"has-contrast-color has-text-color has-link-color wp-elements-de16d9f598aac2e2ede5b297296ae53c\" style=\"font-size:clamp(0.875rem, 0.875rem + ((1vw - 0.2rem) * 0.208), 1rem);\"><sub>3- <strong>Puedes recuperar las clases no realizadas en el siguiente mes<\/strong>, siempre y cuando est\u00e9s al corriente de pago en dicho mes. Si lo necesitas, tambi\u00e9n <strong>puedes a\u00f1adir clases extra<\/strong> <strong>durante el mes<\/strong>; su precio es de <strong>25\u20ac<\/strong>.<\/sub><\/p>\n\n\n\n<p class=\"has-contrast-color has-text-color has-link-color wp-elements-b40407297dcae6652119292372898b6a\" style=\"font-size:clamp(0.875rem, 0.875rem + ((1vw - 0.2rem) * 0.208), 1rem);\"><sub>4- Si hay alg\u00fan mes en el que no puedes venir a clase <strong>debes notificarlo antes del inicio de dicho mes<\/strong>, y se aplicar\u00e1 una <strong>CUOTA REDUCIDA DE MANTENIMIENTO <\/strong>de<strong> 35\u20ac<\/strong> para conservar la plaza. Durante este periodo podr\u00e1s hacer 1 clase (no acumulable ni recuperable fuera de dicho periodo).<\/sub><\/p>\n\n\n\n<p><\/p>\n<\/div>\n<\/div>\n\n\n\n<p><\/p>\n\n\n\n<div class=\"wp-block-cover\" style=\"min-height:100px\"><span aria-hidden=\"true\" class=\"wp-block-cover__background has-background-dim\"><\/span><img loading=\"lazy\" decoding=\"async\" width=\"1024\" height=\"505\" class=\"wp-block-cover__image-background wp-image-56\" alt=\"\" src=\"http:\/\/flowpilatesimoviment.es\/wp-content\/uploads\/2024\/02\/DSC00610-scaled-e1718139650829-1024x505.jpg\" data-object-fit=\"cover\" srcset=\"https:\/\/flowpilatesimoviment.es\/wp-content\/uploads\/2024\/02\/DSC00610-scaled-e1718139650829-1024x505.jpg 1024w, https:\/\/flowpilatesimoviment.es\/wp-content\/uploads\/2024\/02\/DSC00610-scaled-e1718139650829-300x148.jpg 300w, https:\/\/flowpilatesimoviment.es\/wp-content\/uploads\/2024\/02\/DSC00610-scaled-e1718139650829-768x379.jpg 768w, https:\/\/flowpilatesimoviment.es\/wp-content\/uploads\/2024\/02\/DSC00610-scaled-e1718139650829-1536x757.jpg 1536w, https:\/\/flowpilatesimoviment.es\/wp-content\/uploads\/2024\/02\/DSC00610-scaled-e1718139650829-2048x1010.jpg 2048w\" sizes=\"(max-width: 1024px) 100vw, 1024px\" \/><div class=\"wp-block-cover__inner-container is-layout-flow wp-block-cover-is-layout-flow\">\n<p class=\"has-text-align-center has-large-font-size\">LL\u00c1MANOS: <strong>618.985.765<\/strong><\/p>\n<\/div><\/div>\n","protected":false},"excerpt":{"rendered":"<p>CLASES GRUPOS DE MA\u00d1ANA De Lunes a Viernes 10h Viernes 9h CLASES GRUPOS DE TARDE Lunes, Martes, Mi\u00e9rcoles y Jueves 18h \/ 19h \/ 20h CLASES PILATES PRENATAL Lunes 19h y Mi\u00e9rcoles 10h Podemos ver otros horarios seg\u00fan necesites&#8230; \u00a1CONS\u00daLTANOS! CLASES SUP-PILATES S\u00e1bado y\/o Domingo 9h Puede variar en funci\u00f3n de las condiciones climatol\u00f3gicas y [&hellip;]<\/p>\n","protected":false},"author":1,"featured_media":29,"parent":0,"menu_order":0,"comment_status":"closed","ping_status":"closed","template":"","meta":{"om_disable_all_campaigns":false,"_monsterinsights_skip_tracking":false,"_monsterinsights_sitenote_active":false,"_monsterinsights_sitenote_note":"","_monsterinsights_sitenote_category":0,"footnotes":""},"aioseo_notices":[],"_links":{"self":[{"href":"https:\/\/flowpilatesimoviment.es\/index.php\/wp-json\/wp\/v2\/pages\/50"}],"collection":[{"href":"https:\/\/flowpilatesimoviment.es\/index.php\/wp-json\/wp\/v2\/pages"}],"about":[{"href":"https:\/\/flowpilatesimoviment.es\/index.php\/wp-json\/wp\/v2\/types\/page"}],"author":[{"embeddable":true,"href":"https:\/\/flowpilatesimoviment.es\/index.php\/wp-json\/wp\/v2\/users\/1"}],"replies":[{"embeddable":true,"href":"https:\/\/flowpilatesimoviment.es\/index.php\/wp-json\/wp\/v2\/comments?post=50"}],"version-history":[{"count":100,"href":"https:\/\/flowpilatesimoviment.es\/index.php\/wp-json\/wp\/v2\/pages\/50\/revisions"}],"predecessor-version":[{"id":390,"href":"https:\/\/flowpilatesimoviment.es\/index.php\/wp-json\/wp\/v2\/pages\/50\/revisions\/390"}],"wp:featuredmedia":[{"embeddable":true,"href":"https:\/\/flowpilatesimoviment.es\/index.php\/wp-json\/wp\/v2\/media\/29"}],"wp:attachment":[{"href":"https:\/\/flowpilatesimoviment.es\/index.php\/wp-json\/wp\/v2\/media?parent=50"}],"curies":[{"name":"wp","href":"https:\/\/api.w.org\/{rel}","templated":true}]}}